+ 66. Give o(0).
66
Let k(j) = -j**2 - 6*j + 71. Calculate k(-12).
-1
Let m(g) = -g**2 + 19*g - 24. What is m(18)?
-6
Let w(c) = c**2 - 19*c + 102. What is w(9)?
12
Let y(w) = -3*w**2 + 3*w + 29. Calculate y(-3).
-7
Let m(i) = -2*i - 83. Calculate m(-48).
13
Let p(q) = 2*q**2 + 12*q - 69. What is p(-9)?
-15
Let y(b) = -3*b**2 - 4*b - 5. What is y(-2)?
-9
Let j(t) = -21*t - 57. Determine j(-3).
6
Let s(d) = 3*d**2 - d - 3. Give s(2).
7
Let q(p) = 9*p**3 + 2*p**2 - 3*p + 1. Give q(1).
9
Let o(l) = -l**2 - 12*l - 1. Calculate o(-11).
10
Let g(v) = 21*v + 770. Determine g(-37).
-7
Let n(x) = 8*x**3 + 2*x**2 - 3*x - 4. Calculate n(-2).
-54
Let j(t) = 19*t + 391. What is j(-20)?
11
Let u(i) = 18*i - 690. Give u(38).
-6
Let t(h) = h**3 + 5*h**2 - h - 20. Determine t(-3).
1
Let i(g) = 2*g**3 - 15*g**2 - 7*g - 1. Calculate i(8).
7
Let v(r) = 3*r**2 - 5*r - 18. Determine v(-3).
24
Let h(s) = 11*s**2 + s + 7. Calculate h(-2).
49
Let u(w) = w**3 - 5*w**2 + 8*w - 4. What is u(3)?
2
Let i(r) = -r**3 + 6*r**2 - 6*r - 6. Determine i(5).
-11
Let i(y) = 21*y + 6. Determine i(5).
111
Let a(c) = c**3 + 8*c**2 - 12*c + 8. Determine a(-9).
35
Let z(a) = -a**2 + 4*a + 3. Calculate z(3).
6
Let a(c) = -c - 21. What is a(-24)?
3
Let a(l) = -l + 3. Give a(4).
-1
Let p(l) = l**3 + 6*l**2 + 5*l + 6. What is p(-5)?
6
Let c(o) = -40*o + 2. Give c(-1).
42
Let n(d) = -17*d + 8. What is n(-1)?
25
Let l(c) = -13*c + 5. What is l(-4)?
57
Let j(r) = -r**3 - 2*r**2 - 9*r - 16. Determine j(-3).
20
Let b(l) = -7*l - 24. Give b(-4).
4
Let z(d) = d**3 - 12*d**2 + 9*d + 42. Give z(11).
20
Let o(h) = 2*h**3 - 10*h**2 - 8*h + 2. Determine o(6).
26
Let f(r) = -r**2 - 7*r + 5. Determine f(-6).
11
Let q(y) = -4*y**2 - 105*y - 27. Determine q(-26).
-1
Let y(l) = -10*l + 147. Calculate y(14).
7
Let z(a) = 5*a**3 + 2*a**2 - 2. What is z(-2)?
-34
Let n(f) = f**3 - 9*f**2 + f - 10. Determine n(9).
-1
Let h(v) = -2*v**3 + 28*v**2 - 2*v + 24. Determine h(14).
-4
Let v(s) = s**3 - s**2 - 2*s. Determine v(2).
0
Let x(n) = -2*n**2 - 7*n + 66. What is x(-9)?
-33
Let l(d) = 2*d + 8. Determine l(-7).
-6
Let c(a) = -22*a. Give c(0).
0
Let f(w) = w**3 + 14*w**2 + 24*w - 4. Give f(-11).
95
Let g(x) = 5*x**2 - x - 14. Give g(-3).
34
Let f(m) = -4*m**3 - 4*m**2 + 2. What is f(1)?
-6
Let o(i) = i**2 + 6*i - 362. Give o(16).
-10
Let j(b) = 4*b**2 - 2*b + 7. Determine j(-3).
49
Let i(x) = -18*x + 31. Determine i(4).
-41
Let w(s) = -s**3 + 5*s**2 - s - 7. Determine w(5).
-12
Let t(r) = -r**3 + r**2 + r - 10. Determine t(0).
-10
Let n(p) = p**2 - 9*p - 8. Calculate n(11).
14
Let q(j) = -j**3 + 12*j**2 - 10*j + 3. Calculate q(11).
14
Let h(r) = r**3 - 14*r**2 + 12*r + 21. What is h(13)?
8
Let l(b) = -2*b**3 - 20*b**2 - b + 8. Give l(-10).
18
Let d(b) = -b**3 - 12*b**2 - 11*b + 8. Calculate d(-11).
8
Let w(u) = -u**3 - 4*u**2 + 2*u - 3. Determine w(-4).
-11
Let t(m) = 6*m - 103. Calculate t(15).
-13
Let k(l) = -l**3 - 10*l**2 - 22*l - 21. What is k(-8)?
27
Let s(j) = j**3 - 2*j**2 - 31*j - 37. Give s(7).
-9
Let g(q) = -4*q + 5. Determine g(4).
-11
Let m(n) = -n + 2. Calculate m(4).
-2
Let v(z) = 4*z**2 + 9*z + 8. Determine v(-5).
63
Let f(x) = -3*x - 1. Determine f(-5).
14
Let z(n) = -10*n**2 + 6*n - 6. Give z(1).
-10
Let o(s) = s - 5. What is o(-4)?
-9
Let r(g) = 33*g - 321. Give r(10).
9
Let f(r) = r**3 + 8*r**2 - 10*r + 6. Give f(-9).
15
Let n(a) = -11*a**2 - 26*a + 1. What is n(-2)?
9
Let i(l) = 185*l + 1305. Calculate i(-7).
10
Let w(h) = h**2 - 10*h + 17. What is w(7)?
-4
Let z(k) = -16*k + 5. What is z(3)?
-43
Let b(j) = -j**2 - 33*j - 255. Give b(-12).
-3
Let j(r) = 2*r + 1. Calculate j(3).
7
Let p(l) = -l**2 + 266*l + 1902. Calculate p(-7).
-9
Let t(y) = -3*y - 11. What is t(-7)?
10
Let y(p) = p**3 + 20*p**2 + 50*p + 1. Calculate y(-17).
18
Let c(m) = 2*m**2 - 3*m. Determine c(2).
2
Let n(t) = t**3 - 25*t**2 + 26*t - 50. Give n(24).
-2
Let m(c) = 2*c**2 - 19*c - 18. What is m(-1)?
3
Let w(n) = -19*n - 1. Determine w(0).
-1
Let z(s) = -s - 28. What is z(-17)?
-11
Let b(s) = -s - 21. What is b(-16)?
-5
Let z(w) = w**2 + 8*w - 29. Give z(-11).
4
Let z(y) = -y**3 - 28*y**2 - 33*y - 168. Give z(-27).
-6
Let v(b) = -b**3 + b**2 + 2*b + 4. Calculate v(3).
-8
Let x(r) = r**2 + 20*r + 26. Determine x(-14).
-58
Let y(a) = -33*a - 489. Give y(-15).
6
Let w(n) = -n**3 - 4*n**2 + 8*n + 3. What is w(-5)?
-12
Let g(y) = 2*y**2 - 7*y + 18. Determine g(3).
15
Let c(h) = -2*h**3 - 3*h**2 + 7*h + 5. Determine c(-4).
57
Let d(n) = n**3 - 3. Give d(4).
61
Let y(f) = f**2 - 9*f + 6. Give y(12).
42
Let c(u) = 2*u**2 - 37*u - 28. Determine c(20).
32
Let u(x) = -x**3 - 21*x**2 + 22*x - 1. Determine u(-22).
-1
Let m(t) = 2*t - 31. Give m(7).
-17
Let b(r) = -3*r + 22. Calculate b(3).
13
Let t(p) = -p**2 - 11*p + 4. Calculate t(-11).
4
Let i(y) = -2*y**2 + 80*y - 296. Determine i(4).
-8
Let b(h) = -6*h**2 + 22*h - 22. Calculate b(1).
-6
Let l(y) = -4*y + 7. Determine l(-3).
19
Let d(c) = -2*c**2 + 8*c - 3. Give d(5).
-13
Let v(n) = n**3 + 14*n**2 + n + 7. Determine v(-14).
-7
Let d(t) = t**2 - t - 1. Determine d(2).
1
Let y(s) = -2*s + 1. Give y(-8).
17
Let u(a) = a**3 - 3*a**2 - a - 5. What is u(3)?
-8
Let h(f) = 2*f + 7. Calculate h(-6).
-5
Let s(y) = -y + 6. Calculate s(-4).
10
Let t(q) = q**2 + 5*q - 22. Give t(-9).
14
Let p(t) = -106*t - 110. Determine p(-1).
-4
Let o(c) = -3*c**2 - 2*c + 3. Determine o(-3).
-18
Let c(w) = w**3 - 7*w**2 - 2*w + 10. What is c(7)?
-4
Let x(l) = -l**2 + 13*l - 15. Give x(9).
21
Let o(t) = -t**2 - 24*t - 9. Determine o(-26).
-61
Let k(l) = -l**2 - 5*l + 5. What is k(0)?
5
Let z(k) = -k**2 - 33*k - 92. Calculate z(-30).
-2
Let v(j) = -j**3 - 6*j**2 + 9*j - 15. Calculate v(-8).
41
Let o(t) = -7*t - 80. Determine o(-11).
-3
Let s(c) = -c**2 + 37. Give s(0).
37
Let d(m) = m**2 - 7*m - 45. Determine d(12).
15
Let a(x) = x**3 + 18*x**2 + 18*x + 11. Determine a(-17).
-6
Let h(f) = f**3 - 3*f**2 - 2*f - 6. Determine h(5).
34
Let k(m) = -m**3 + 19*m**2 - 33*m - 18. Calculate k(17).
-1
Let j(q) = -q**2 + 2*q - 23. Give j(0).
-23
Let l(y) = y**3 - 4*y**2 + 4*y - 7. Give l(3).
-4
Let v(y) = -y**2 + 5*y - 2. What is v(-4)?
-38
Let i(r) = r**2 + 9*r - 58. Give i(-12).
-22
Let v(u) = -u**2 - 11*u - 4. Calculate v(-8).
20
Let d(l) = l**2 + 7*l + 9. Calculate d(-7).
9
Let v(d) = -74*d - 5. Give v(0).
-5
Let o(h) = 18*h + 18. Give o(-1).
0
Let o(q) = -q**2 + 18*q - 39. Determine o(15).
6
Let t(v) = -11*v**2 + 17*v + 3. Calculate t(2).
-7
Let y(o) = o**3 + 6*o**2. What is y(-6)?
0
Let a(t) = 9*t + 67. What is a(-9)?
-14
Let h(f) = f**3 + 12*f**2 + 9*f - 14. Calculate h(-11).
8
Let x(q) = 7*q**2 + q + 4. What is x(3)?
70
Let c(b) = -2*b**2 + 4*b - 5. Determine c(4).
-21
Let v(y) = -y**2 - 14*y - 4. Calculate v(-13).
9
Let b(i) = -i - 16. Determine b(-7).
-9
Let o(v) = -13*v**3 + 2*v**2 - 3*v + 1. Determine o(1).
-13
Let a(f) = f**2 + 6*f + 7. Calculate a(-3).
-2
Let v(u) = -15*u + 675. Determine v(46).
-15
Let u(r) = r**3 + 5*r**2 - 15*r - 11. Determine u(-7).
-4
Let d(p) = -p**3 - 4*p**2 + p - 2. What is d(-5)?
18
Let g(c) = 2*c - 7. Calculate g(-4).
-15
Let c(r) = -3*r**2 - 24*r + 18. Determine c(-8).
18
Let o(t) = 2*t**2 - 3*t - 2. What is o(-4)?
42
Let f(u) = u**3 + 38*u**2 - 43*u - 147. What is f(-39)?
9
Let u(j) = 8*j - 5. Determine u(-2).
-21
Let o(k) = k**3 - 5*k**2 - k - 12. Give o(6).
18
Let h(f) = f**3 + 3*f**2 - 5*f - 2. What is h(-3)?
13
Let p(b) = -b**3 - 6*b**2 - 7*b - 1. What is p(-3)?
-7
Let f(t) = t**2 - 12*t + 3. Give f(10).
-17
Let o(r) = -r**3 - 9*r**2 - r - 5. Give o(-9).
4
Let r(z) = -z**3 + 14*z + 4. What is r(-3)?
-11
Let h(r) = 30*r + 742. What is h(-25)?
-8
Let c(r) = -r + 6. What is c(6)?
0
Let n(f) = -6*f**2 - 10*f + 12. Calculate n(-3).
-12
Let o(l) = l**2 + 3*l. Give o(4).
28
Let p(d) = -d**2 + 7*d + 12. Calculate p(11).
-32
Let g(h) = -h**3 + 8*h - 3. Calculate g(4).
-35
Let j(k) = -k**2 - 12*k - 7. Determine j(-5).
28
Let r(v) = -26*v**3 - 2*v**2 + 2*v - 2. Determine r(1).
-28
Let f(o) = o**2 - 12*o + 16. Give f(14).
44
Let m(s) = -s**2 - 3*s + 7. Calculate m(2).
-3
Let p(k) = -k**3 - 4*k**2 + k + 4. Give p(-3).
-8
Let y(u) = -u**3 + 27*u**2 + u - 43. What is y(27)?
-16
Let i(o) = -o**2 - 9*o + 17. What is i(-12)?
-19
Let a(q) = q**2 - q - 4. Give a(4).
8
Let p(d) = -d**2 + 16*d - 